n divisor of 36 and a?
9
Suppose 0 = 76*c - 4*c - 1476 - 36. Suppose 4*u - 82 = -2*j, 2*j = -2*u - u + 86. What is the greatest common divisor of c and j?
7
Let p(s) = -3*s + 32. Let t be p(6). Suppose -847 - 133 = -t*i. What is the greatest common divisor of 49 and i?
7
Suppose 0 = -k + 3*k - 18. Let n be (774/156)/(5/130). What is the greatest common divisor of k and n?
3
Suppose 5 = -3*x - 2*x. Let k = x - -11. Suppose -10*t + 105 + 95 = 0. Calculate the greatest common divisor of t and k.
10
Let q(t) = -64*t + 6197. Let a be q(62). What is the greatest common factor of 15 and a?
3
Let s(f) = 5*f + 127. Suppose 66*u = 16*u - 650. Let b be s(u). Calculate the greatest common divisor of 62 and b.
62
Let n be -1 - -4 - 0/3. Suppose 3*p = -n*y + 231 - 6, 205 = 3*y - p. Suppose 23 = -y*g + 71*g. What is the highest common divisor of 92 and g?
23
Let j = -2356 - -2391. What is the highest common divisor of j and 2240?
35
Suppose -15*u + 21*u = 1944. What is the highest common factor of u and 252?
36
Let a = 13 + -6. Suppose 0 = -783*m + 175*m + 208544. Calculate the highest common divisor of a and m.
7
Let t(q) = -39*q - 7. Let m = 52 - 53. Let s be t(m). What is the highest common divisor of s and 2?
2
Let g(q) = -q**3 + 24*q**2 - 18*q - 27. Let f(k) = 2*k**2 + 14*k + 7. Let c be f(-8). Let x be g(c). What is the greatest common divisor of x and 132?
44
Let w = 4 - 1. Suppose 2*r - w = 41. Let a(f) = f**3 - 41*f**2 + 311*f - 29. Let q be a(31). Calculate the greatest common factor of r and q.
2
Suppose 18 = g + 2*g. Suppose 3*c = 2*h - 189, h + 6*c - 3*c = 99. What is the greatest common divisor of g and h?
6
Suppose -l - 39*l = -134640. Suppose -34*d + l = -0*d. What is the greatest common divisor of d and 63?
9
Suppose 0 = -q - 9*m + 12, 20*q - 5*m - 139 = 18*q. What is the highest common divisor of 1387 and q?
19
Suppose -224*y + 237*y = 702. Calculate the highest common factor of 90 and y.
18
Let f be (-1410)/(-2)*81/243. Calculate the greatest common divisor of f and 1269.
47
Suppose 6*i + 121 = 161 + 146. Calculate the greatest common factor of 62 and i.
31
Suppose 0 + 0 = -5*z. Suppose 8*d + 29 - 3597 = z. Suppose -i = -3*y - 177, 5*i - d = 4*y + 395. Calculate the highest common divisor of 15 and i.
15
Let l = -348 + 346. Let p be (-27)/(-4) - 21/(-56)*l. Calculate the highest common factor of 168 and p.
6
Let i(u) = 10*u**2 + 4*u - 9. Let f be i(-11). What is the greatest common factor of f and 104?
13
Let i = -3302 + 3350. Calculate the highest common divisor of 2076 and i.
12
Let z be 2*10/6*1098/305. Suppose -5*v + 140 = 3*m, -3*v + 77 = 4*m - 7. What is the highest common factor of z and v?
4
Let w(s) = -s**3 - 2*s**2 + 3. Let j be w(-5). Suppose -26*b + j = -23*b. What is the highest common divisor of 104 and b?
26
Let j be (-140460)/(-360) - (-2)/12*5. Calculate the greatest common factor of j and 51.
17
Let u = 8991 - 8989. What is the highest common divisor of 862 and u?
2
Let z be (153/(-136))/(9/6)*-4. Calculate the greatest common divisor of z and 306.
3
Let i(g) = -2*g**2 + 691*g + 113510. Let t be i(467). Let u be 6730/8 - (-1)/(-4). Calculate the highest common factor of t and u.
29
Let r be 56/(1 - 9) - -25. Let o be (27/18 - 6)*(-8)/r. Calculate the highest common divisor of 2 and o.
2
Let r = 752 - 258. Suppose -9*v = -r + 62. Suppose 0 = 345*i - 348*i + v. Calculate the greatest common factor of 80 and i.
16
Suppose 12*m + 11 = 7*m - 3*w, -3*m = -2*w - 1. Let c be (m/2)/((-17)/11050). What is the greatest common divisor of c and 130?
65
Suppose 0 = -4*f + 20 + 4. Suppose -8*k = -178764 + 178668. Calculate the highest common divisor of f and k.
6
Let r be 640/(-24)*1*12/(-10). Suppose -148 = -3*p + p - 5*k, -188 = -3*p + k. Calculate the greatest common factor of r and p.
32
Suppose d + 6 - 8 = 0. Suppose w - d*u - 210 = -4*u, w + 4*u = 212. What is the highest common divisor of w and 26?
26
Suppose 5*r + 95 + 25 = 0. Let q = 4 - r. Let l = 6 + q. What is the highest common factor of l and 34?
34
Suppose 4*c = 7*c + 15. Let h(l) = l**3 + 5*l**2 - 3*l - 9. Let d be h(c). Suppose d*f = 3*f + 108. Calculate the highest common divisor of f and 9.
9
Suppose -7 - 23 = -2*t. Let x = -11 + t. Suppose -x*v = -30 - 6. Calculate the greatest common factor of v and 81.
9
Suppose 3*g - 26 + 20 = 0. Suppose -g*u + 42 = 10. Suppose 56 = 4*r + d, r - u + 2 = 4*d. Calculate the highest common divisor of r and 154.
14
Suppose -2*p = 3 - 147. Let y be (2007/(-6))/(3/36*9). Let a = 554 + y. What is the greatest common divisor of p and a?
36
Let r(t) = 2*t**2 + 8*t - 36. Let b(p) = -p**2 - 7*p - 7. Let m be b(-2). Let y be r(m). Calculate the highest common divisor of y and 18.
6
Suppose 3*z = 12*f - z - 18584, 0 = 2*f - 3*z - 3102. Calculate the greatest common factor of 36 and f.
36
Suppose -3*m - m + 3*r + 38 = 0, -8 = -4*r. Suppose -m - 17 = -7*j. Suppose -j*b + 262 + 10 = 0. Calculate the greatest common factor of b and 170.
34
Let j = 192 - 32. Let l be (35/(-10) - -5)/((-3)/(-136)). Suppose 3*a + t - 5*t = l, 12 = a + 4*t. What is the highest common divisor of a and j?
20
Suppose -3*t + 26 = 2*b, -5*t + 30 + 25 = b. Let v be (82/(-14) - -3)*7/(-2). What is the highest common factor of t and v?
2
Let g = -29660 - -30504. Calculate the greatest common divisor of 28 and g.
4
Let g(s) = -s**2 - 3*s. Let x be g(-2). Suppose 2*n - 46 = -2*j, 5*n = j - 3 - 38. Calculate the highest common factor of j and x.
2
Suppose 2390 = 12*n + 410. Let i be (60/(-9) + -1)/((-5)/n). Suppose 1 = -l, -51 - 39 = -4*j - 2*l. Calculate the greatest common factor of i and j.
23
Let y be (38 + -38)*2/2*-1. Suppose 4*l - z = -y*l - 22124, -2*l + 5*z = 11080. Let g be 1/9 + l/(-126). Calculate the highest common factor of 11 and g.
11
Let a = 2068 - 1990. Let t(m) = 9*m**3 + 2*m**2 - 2*m. Let n be t(2). Suppose -a*c + 638 = -n*c. Calculate the highest common factor of c and 29.
29
Let m = 4 - -16. Let l(p) = p**3 + 3*p**2 - 8*p + 13. Let v be l(4). Let z = v - -127. Calculate the greatest common factor of z and m.
20
Suppose -3*x + 1375 = 4*j - 9174, -x = 2*j - 3513. Calculate the highest common factor of 13 and x.
13
Let j = 245 - 148. Suppose -v = 4, 4*v + j = -0*s + 3*s. Calculate the greatest common divisor of s and 216.
27
Let u(b) = 4*b + 58. Let m be u(-14). Suppose 4*c - 20 = -o + 45, o - m*c = 35. Calculate the highest common factor of 45 and o.
45
Let m(i) = -4*i - 7*i**3 - 1 + 4*i**2 - 14*i + 8*i**3 + 3*i. Let g be m(-6). Let z = g + -7. Calculate the highest common divisor of z and 30.
10
Suppose 4*w - 32 = -0. Let s be (26 + (-74 - -35))/(2/(-16)). What is the highest common divisor of w and s?
8
Let x be -1*16/40*(-465)/1. Let a be 212/18 - 16/(-72). What is the greatest common divisor of a and x?
6
Suppose 4*v = -41 + 353. Suppose 16*y = 20*y - 52. What is the greatest common factor of y and v?
13
Suppose -3*d = -s - 353, -2*d - d = 3*s + 1011. Let c = s + 354. Suppose -3*f + 4*f - 13 = 0. What is the greatest common divisor of f and c?
13
Let i(x) = -16 - 22 + 13*x + x**2 + 8. Let c be i(4). Let r = 517 + -175. What is the greatest common factor of c and r?
38
Suppose 6*r = 5*y - 100 + 360, -184 = -4*r - 2*y. Let a(c) = 2*c - 4. Let v be a(4). Let i be (3 - v)/(2/(-30)). What is the greatest common factor of i and r?
15
Suppose -5*c - 4 = -9. Let d be (c - -2)*(3 + 2/6). Suppose 0 = y - d - 7. What is the greatest common factor of 51 and y?
17
Suppose 5*q = 146 + 94. Let b(l) = l**3 + l**2 - 3*l - 3. Let d be b(3). What is the greatest common divisor of d and q?
24
Suppose 0 = 645*x - 623*x - 352. Calculate the greatest common divisor of x and 1336.
8
Let a = 71 - 55. Let j(x) = 15*x + 56. Let c = -46 + 54. Let g be j(c). Calculate the highest common factor of g and a.
16
Let c be (4/(-2))/(4/(-6))*(-40052)/(-1767). Calculate the highest common factor of 306 and c.
34
Let l(z) = -z - 1. Let d(u) = 2*u - 11. Let a(x) = 2*d(x) - 6*l(x). Let s be a(5). Let v = s + -11. Calculate the greatest common divisor of 46 and v.
23
Suppose -5*p = -v - 17635, -3*v = 31*p - 36*p + 17645. What is the greatest common factor of 172 and p?
86
Let m be (-3 - 1/1)*1/(-2). Suppose -4*p = -2*j + 26, 3*j - 4*p - 77 = -m*j. Let o = -10 + j. Calculate the greatest com